{"id":52,"date":"2019-04-02T10:37:46","date_gmt":"2019-04-02T08:37:46","guid":{"rendered":"http:\/\/accueilfolbons.fr\/?page_id=52"},"modified":"2023-04-19T16:14:40","modified_gmt":"2023-04-19T14:14:40","slug":"mercredis-loisirs","status":"publish","type":"page","link":"https:\/\/accueilfolbons.fr\/?page_id=52","title":{"rendered":"Mercredis Loisirs"},"content":{"rendered":"<p><span style=\"font-size: 12pt;\">Horaires des mercredis loisirs :<\/span><\/p>\n<p>&nbsp;<\/p>\n<p><span style=\"font-size: 12pt;\">Durant les p\u00e9riodes scolaires, l&#8217;Accueil de Loisirs est ouvert le mercredis de 7h00 \u00e0 19h00, sauf jours f\u00e9ri\u00e9s.<\/span><\/p>\n<ul>\n<li><span style=\"font-size: 12pt;\"><strong>Accueil du matin<\/strong> de 7h00 \u00e0 9h00<\/span><\/li>\n<li><strong>Accueil du midi (arriv\u00e9e)<\/strong> de 12h00 \u00e0 12h20<\/li>\n<li><strong>Accueil du midi (d\u00e9parts)<\/strong> de 13h15 \u00e0 13h30<\/li>\n<li><span style=\"font-size: 12pt;\"><strong>Accueil du soir<\/strong> de 17h00 \u00e0 19h00<br \/>\n<\/span><\/li>\n<\/ul>\n<p>Les inscriptions doivent \u00eatre faites\u00a0 directement sur le portail familles.<\/p>\n","protected":false},"excerpt":{"rendered":"<p>Horaires des mercredis loisirs : &nbsp; Durant les p\u00e9riodes scolaires, l&#8217;Accueil de Loisirs est ouvert le mercredis de 7h00 \u00e0 19h00, sauf jours f\u00e9ri\u00e9s. Accueil du matin de 7h00 \u00e0 9h00 Accueil du midi (arriv\u00e9e) de 12h00 \u00e0 12h20 Accueil du midi (d\u00e9parts) de 13h15 \u00e0 13h30 Accueil du soir de 17h00 \u00e0 19h00 Les [&hellip;]<\/p>\n","protected":false},"author":1,"featured_media":0,"parent":0,"menu_order":0,"comment_status":"closed","ping_status":"closed","template":"","meta":{"_monsterinsights_skip_tracking":false,"_monsterinsights_sitenote_active":false,"_monsterinsights_sitenote_note":"","_monsterinsights_sitenote_category":0,"footnotes":""},"class_list":["post-52","page","type-page","status-publish","hentry"],"yoast_head":"<!-- This site is optimized with the Yoast SEO plugin v16.4 - https:\/\/yoast.com\/wordpress\/plugins\/seo\/ -->\n<title>Mercredis Loisirs - Accueil de Loisirs de Bons<\/title>\n<meta name=\"robots\" content=\"index, follow, max-snippet:-1, max-image-preview:large, max-video-preview:-1\" \/>\n<link rel=\"canonical\" href=\"https:\/\/accueilfolbons.fr\/?page_id=52\" \/>\n<meta property=\"og:locale\" content=\"en_US\" \/>\n<meta property=\"og:type\" content=\"article\" \/>\n<meta property=\"og:title\" content=\"Mercredis Loisirs - Accueil de Loisirs de Bons\" \/>\n<meta property=\"og:description\" content=\"Horaires des mercredis loisirs : &nbsp; Durant les p\u00e9riodes scolaires, l&#8217;Accueil de Loisirs est ouvert le mercredis de 7h00 \u00e0 19h00, sauf jours f\u00e9ri\u00e9s. Accueil du matin de 7h00 \u00e0 9h00 Accueil du midi (arriv\u00e9e) de 12h00 \u00e0 12h20 Accueil du midi (d\u00e9parts) de 13h15 \u00e0 13h30 Accueil du soir de 17h00 \u00e0 19h00 Les [&hellip;]\" \/>\n<meta property=\"og:url\" content=\"https:\/\/accueilfolbons.fr\/?page_id=52\" \/>\n<meta property=\"og:site_name\" content=\"Accueil de Loisirs de Bons\" \/>\n<meta property=\"article:modified_time\" content=\"2023-04-19T14:14:40+00:00\" \/>\n<meta name=\"twitter:card\" content=\"summary_large_image\" \/>\n<meta name=\"twitter:label1\" content=\"Est. reading time\" \/>\n\t<meta name=\"twitter:data1\" content=\"1 minute\" \/>\n<script type=\"application\/ld+json\" class=\"yoast-schema-graph\">{\"@context\":\"https:\/\/schema.org\",\"@graph\":[{\"@type\":\"Organization\",\"@id\":\"https:\/\/accueilfolbons.fr\/#organization\",\"name\":\"FOL Bons en Chablais\",\"url\":\"https:\/\/accueilfolbons.fr\/\",\"sameAs\":[],\"logo\":{\"@type\":\"ImageObject\",\"@id\":\"https:\/\/accueilfolbons.fr\/#logo\",\"inLanguage\":\"en-US\",\"url\":\"http:\/\/accueilfolbons.fr\/wp-content\/uploads\/2019\/03\/Logo-FOL-Bons-en-Chablais-2.jpg\",\"contentUrl\":\"http:\/\/accueilfolbons.fr\/wp-content\/uploads\/2019\/03\/Logo-FOL-Bons-en-Chablais-2.jpg\",\"width\":539,\"height\":525,\"caption\":\"FOL Bons en Chablais\"},\"image\":{\"@id\":\"https:\/\/accueilfolbons.fr\/#logo\"}},{\"@type\":\"WebSite\",\"@id\":\"https:\/\/accueilfolbons.fr\/#website\",\"url\":\"https:\/\/accueilfolbons.fr\/\",\"name\":\"Accueil de Loisirs de Bons\",\"description\":\"P\\u00e9riscolaire - Extrascolaire - Temps M\\u00e9ridien\",\"publisher\":{\"@id\":\"https:\/\/accueilfolbons.fr\/#organization\"},\"inLanguage\":\"en-US\"},{\"@type\":\"WebPage\",\"@id\":\"https:\/\/accueilfolbons.fr\/?page_id=52#webpage\",\"url\":\"https:\/\/accueilfolbons.fr\/?page_id=52\",\"name\":\"Mercredis Loisirs - Accueil de Loisirs de Bons\",\"isPartOf\":{\"@id\":\"https:\/\/accueilfolbons.fr\/#website\"},\"datePublished\":\"2019-04-02T08:37:46+00:00\",\"dateModified\":\"2023-04-19T14:14:40+00:00\",\"breadcrumb\":{\"@id\":\"https:\/\/accueilfolbons.fr\/?page_id=52#breadcrumb\"},\"inLanguage\":\"en-US\",\"potentialAction\":[{\"@type\":\"ReadAction\",\"target\":[\"https:\/\/accueilfolbons.fr\/?page_id=52\"]}]},{\"@type\":\"BreadcrumbList\",\"@id\":\"https:\/\/accueilfolbons.fr\/?page_id=52#breadcrumb\",\"itemListElement\":[{\"@type\":\"ListItem\",\"position\":1,\"item\":{\"@type\":\"WebPage\",\"@id\":\"https:\/\/accueilfolbons.fr\/\",\"url\":\"https:\/\/accueilfolbons.fr\/\",\"name\":\"Accueil\"}},{\"@type\":\"ListItem\",\"position\":2,\"item\":{\"@id\":\"https:\/\/accueilfolbons.fr\/?page_id=52#webpage\"}}]}]}<\/script>\n<!-- \/ Yoast SEO plugin. -->","_links":{"self":[{"href":"https:\/\/accueilfolbons.fr\/index.php?rest_route=\/wp\/v2\/pages\/52","targetHints":{"allow":["GET"]}}],"collection":[{"href":"https:\/\/accueilfolbons.fr\/index.php?rest_route=\/wp\/v2\/pages"}],"about":[{"href":"https:\/\/accueilfolbons.fr\/index.php?rest_route=\/wp\/v2\/types\/page"}],"author":[{"embeddable":true,"href":"https:\/\/accueilfolbons.fr\/index.php?rest_route=\/wp\/v2\/users\/1"}],"replies":[{"embeddable":true,"href":"https:\/\/accueilfolbons.fr\/index.php?rest_route=%2Fwp%2Fv2%2Fcomments&post=52"}],"version-history":[{"count":7,"href":"https:\/\/accueilfolbons.fr\/index.php?rest_route=\/wp\/v2\/pages\/52\/revisions"}],"predecessor-version":[{"id":1189,"href":"https:\/\/accueilfolbons.fr\/index.php?rest_route=\/wp\/v2\/pages\/52\/revisions\/1189"}],"wp:attachment":[{"href":"https:\/\/accueilfolbons.fr\/index.php?rest_route=%2Fwp%2Fv2%2Fmedia&parent=52"}],"curies":[{"name":"wp","href":"https:\/\/api.w.org\/{rel}","templated":true}]}}